pose -334*v = -393*v + 2790346. List the prime factors of v.
2, 13, 17, 107
Suppose -d + 5 - 14 = -3*f, -d - 5 = -2*f. Suppose 0 = -3*w - f*c - c + 1680, 2*w = 3*c + 1120. List the prime factors of w.
2, 5, 7
Let y(f) = 7*f**2 - 96*f - 1164. What are the prime factors of y(-15)?
3, 617
Suppose -8*g + 218 + 110 = 0. Let n = -40 + g. List the prime factors of (n*-56 - 3)*-1.
59
Suppose 4*q - 101524 = -4*x, -5*x + 99150 + 27758 = 2*q. What are the prime factors of x?
2, 7, 37
Suppose 0 = -q + 16. Suppose -250 = 3*z - q. Let y = 198 + z. What are the prime factors of y?
2, 3, 5
Let y(f) = 10*f + 10. Let p be y(-1). Suppose p = -2*j + 13*j + 1221. Let r = j - -197. List the prime factors of r.
2, 43
Let d(x) = 12*x**2 - 15*x + 37. Let r = -32 - -39. Let m be d(r). Suppose -s = 4*s - m. List the prime factors of s.
2, 13
Let u(h) = h**3 + 5*h**2 + 5*h + 2. Let p be u(-6). Let t = -25 - p. What are the prime factors of ((-26)/t)/((-2)/99)?
3, 11
Let q = 1400 - -443. Suppose 2288 = 5*j - z, -6*j - q = -10*j + 5*z. List the prime factors of j.
457
List the prime factors of 328486/115 + (-3)/(-5).
2857
Suppose -q = -2*q + 18. Let k = 21 - q. Suppose 0 = -k*f + 4*u + 212, 3*u - u + 4 = 0. List the prime factors of f.
2, 17
Let n(a) = a - a - a**2 + 3*a + 2 + 1. Let y be n(-2). What are the prime factors of (1540/(-15))/y*(-3)/(-2)?
2, 11
Suppose 0 = -4*c - 4*l + 68, 4*c - 18 = 4*l + 74. Suppose -26*m = -c*m - 18. Suppose -2*g - 105 = -5*x + 3*g, 0 = -m*x + g + 63. List the prime factors of x.
3, 7
What are the prime factors of (1131/(-319) + 6/11)*(-36923)/3?
36923
Let a = 8778 - 5669. List the prime factors of a.
3109
Suppose -o + 5*o - 12 = 0. Let s be 8/(-12) + 200/o. Suppose 2*u - 100 = -3*c + s, 2*c = u + 113. What are the prime factors of c?
2, 7
Let q = 52 - 49. Suppose q*o - 2*c - 625 = 510, -3*o - 2*c = -1139. What are the prime factors of o?
379
Suppose -2*o + 2*y - 9006 = 0, 5*y = 3*o + 14313 - 810. What are the prime factors of (-2)/(((-96)/o)/(-8))?
751
What are the prime factors of (-186)/(-248) + (-20338)/(-16)*2 - -5?
2, 7, 13
Let t(z) = 125*z**3 + 3*z**2 - 39*z + 118. What are the prime factors of t(3)?
41, 83
Suppose -u = 7*u - 40. Let m(z) = -z**3 + 8*z**2 + 13*z + 5. List the prime factors of m(u).
5, 29
Let s be 65/26 + (-1)/2. Suppose d + 0*d + 14 = -s*g, 0 = -2*g - 8. List the prime factors of d*34/(-3) + 1.
3, 23
Suppose -4*t - 2160 = -h, 5*h - 148 + 1206 = -2*t. Let k = t - -932. List the prime factors of k.
3, 131
Suppose -s - 65135 = -5*b - 6*s, 4*b - 2*s - 52102 = 0. List the prime factors of b.
2, 3, 13, 167
Let s be (-2 + 3)/((12/(-27))/(-4)). Let n be (3/(-6) - -2)/(s/204). Suppose -n*l + 32*l + 364 = 0. List the prime factors of l.
2, 7, 13
Suppose 0 = -4*k, k = -3*x + 18439 + 33707. What are the prime factors of x?
2, 3, 2897
Let w = 2191 - 4986. What are the prime factors of (-4)/(-22) - (w/55 - -2)?
7
Let c(z) = 5*z - 91. Let g be c(19). Let d(j) = 3*j + 5 + 2*j**2 + 0*j**2 + 3*j + j. List the prime factors of d(g).
5, 13
Suppose 0 = 2*i + 5*m - 0*m, -3*i - 4*m = -7. Suppose c = -i - 76. Let p = c - -129. List the prime factors of p.
2, 3
What are the prime factors of 3 - (-6593 - 5 - -9 - 11)?
3, 31, 71
Let v = 250 - 186. Let a = 112 + -67. Let z = v - a. List the prime factors of z.
19
Let j(s) = 45*s - 242. Let k = 619 - 605. What are the prime factors of j(k)?
2, 97
Let i = 328222 + 102272. List the prime factors of (1 - (-10)/(-14)) + i/1099.
2, 7
Let m(l) = -l**3 + 9*l**2 - 5*l + 1. Let x be m(9). What are the prime factors of (-1 + 627)*(6 - x/(-8))?
313
Let k be ((-14)/2)/(1*6/(-18)). Suppose 3*r - 16 = 5*v + 7, -5*r + 4*v = -k. What are the prime factors of (-2 + -44*r)*(-6)/12?
23
What are the prime factors of -1 + 62791 + ((-62)/(-496) - (-46)/16)?
3, 6977
Suppose -35*o - 20*o + 105770 + 164005 = 0. List the prime factors of o.
3, 5, 109
Suppose -25372 = -3*p - m, 11*p + 16916 = 13*p + 2*m. What are the prime factors of p?
3, 2819
Let j(g) = 8*g - 5. Let b be -14 + 12 - (-5 + 1). Suppose -b*i - 4*i + 54 = 0. What are the prime factors of j(i)?
67
Suppose 3*d - 5*i + 99 = 4*d, d = 5*i + 109. Let r(l) = l**3 + 55*l**2 - 3*l - 123. Let b be r(-55). Let v = d - b. List the prime factors of v.
2, 31
Let w(r) = 67*r - 5. Let n(o) = 7*o**2 + 9*o + 15. Let h(c) = -4*c**2 - 5*c - 8. Let p(i) = 11*h(i) + 6*n(i). Let z be p(0). List the prime factors of w(z).
3, 43
Let l(s) = 8*s + 53. Let b(i) = -4*i - 26. Let x(n) = -5*b(n) - 3*l(n). Let v be x(11). List the prime factors of 2 + (-3 + 2 - -1 - v).
3, 5
Suppose -330*v - 225*v = -22995870. What are the prime factors of v?
2, 20717
Let x(d) = 31*d**3 + 15*d**2 - 121*d - 9. List the prime factors of x(6).
3, 11, 197
Let m be (1 - -1)/(17/((-595)/(-14))). Suppose -2*x - 1110 = -u, -5*u + 3944 = -m*x - 1611. List the prime factors of u.
2, 139
What are the prime factors of (-10)/4*(7 + (-78757)/35)?
2, 701
Let z = -519 + 1209. Suppose 56*v - 53*v = z. Suppose 0 = -3*m - q + v, -4*m + 90 = -q - 219. List the prime factors of m.
7, 11
Let j(z) = 803*z**2 + 13*z + 42. List the prime factors of j(-3).
2, 3, 5, 241
Suppose 3*r - 2*r + 3*p = 38, 3*r - 3*p = 174. Let n = 92 + r. Let t = 14 + n. List the prime factors of t.
3, 53
Suppose -10*c + 14 = -9*c. Let n(p) = 34*p - 73. What are the prime factors of n(c)?
13, 31
Let n = -5398 - -25252. List the prime factors of n.
2, 3, 1103
What are the prime factors of 2 + (0 - -24006) - (-3)/(-6)*-6?
13, 1847
Let o(d) = 75*d. Let i be o(1). Let n = -40 + 126. Let y = n - i. What are the prime factors of y?
11
Let w be -10 + 11 - 2/2 - 0. Suppose w = -21*t + 11*t + 5510. List the prime factors of t.
19, 29
Suppose 4*l - 237 = -61. Let t be l/(-198) + 2738/9. Suppose 3*h - 2*m - 140 - t = 0, -3*h + 435 = -5*m. List the prime factors of h.
2, 3, 5
Let t be (-2)/((-2)/(-24)*4). Let g(y) = 13*y + 21. Let v(b) = 12*b + 22. Let l(m) = -4*g(m) + 3*v(m). What are the prime factors of l(t)?
2, 3, 13
Let l(p) be the third derivative of -p**6/60 - 7*p**5/30 + 3*p**3/2 + 60*p**2. Suppose -3*o - 9 = 2*x + 21, 4*x = -3*o - 36. What are the prime factors of l(o)?
137
Let p be (2080/(-48))/(1 + 5/(-3)). Let w = 61 - p. What are the prime factors of (-6 - w - -4) + 54?
2, 7
Let q(j) = -4*j**3 + j**2 - 10*j - 4. Let s be (-2 - -6 - 5) + (-3 - 0). What are the prime factors of q(s)?
2, 7, 11
Let a = -2 + -30. Let u = 34 + a. What are the prime factors of u*-2*1155/(-60)?
7, 11
Suppose -42*c = -147*c + 642075. What are the prime factors of c?
5, 1223
Let q(w) = -w**2 - 13*w + 36. Let p be q(-14). Suppose -p*x = -6*x - 8624. What are the prime factors of x?
7, 11
Let y(f) = -15 - f**3 + 19*f**2 + 7 + 7*f + 13. Let a be y(19). Suppose -12*d - a = -14*d. What are the prime factors of d?
3, 23
List the prime factors of 968354/57*18/12.
17, 1499
Let s(g) = g**3 - 9*g**2 - 8*g + 6. Let k be (22/(-10))/(6/(-30)). Suppose -k + 1 = -c. What are the prime factors of s(c)?
2, 13
Let z = 872 - 2026. Let f = z + 2007. List the prime factors of f.
853
Let y = 25 - 23. Let b be 8/(-12) - 1244/(-3). Suppose r = -5*k + b, -y*k + 2*r = -150 - 18. What are the prime factors of k?
83
Let y = -148 - 457. Let n = 921 + y. What are the prime factors of n?
2, 79
Suppose -3*b = -5*u - 762, -604 = 4*u + 2*b - 3*b. Let p = u - -168. What are the prime factors of p?
2, 3
Let d(s) = 48*s - 18. Let r(f) = f. Let j(z) = -d(z) - 2*r(z). What are the prime factors of j(-6)?
2, 3, 53
Let n(r) = -r**3 + r**2 + r + 2. Let u(t) = -3*t + 9. Let v be u(3). Let z be n(v). Suppose -6 = -g - z*s + 37, 3*s + 84 = 3*g. List the prime factors of g.
3, 11
Let x(a) = a**2 - 32*a + 113. Let n be x(-33). Let z = -1024 + n. What are the prime factors of z?
2, 617
Let q(r) = -r**2 - 14*r - 22. Let d = -81 + 69. Let u be q(d). Suppose -x - 4*f - 117 = -2*x, -x = u*f - 105. List the prime factors of x.
109
Let c(p) be the second derivative of 28*p + 0*p**2 + 1/6*p**3 + 0. What are the prime factors of c(28)?
2, 7
Let n be (-107482)/(-13) + ((-72)/39 - -2). Suppose -324*j + 330*j - n = 0. What are the prime factors of j?
2, 13, 53
Let a = 14134 + 1332. What are the prime factors of a?
2, 11, 19, 37
Suppose -74*k + 9*k = -540906 - 1419494. List the prime factors of k.
2, 5, 13, 29
List the prime factors of 